{"id":997,"date":"2020-10-15T10:33:59","date_gmt":"2020-10-15T08:33:59","guid":{"rendered":"https:\/\/www.dih-immo.de\/?page_id=997"},"modified":"2020-11-12T10:52:50","modified_gmt":"2020-11-12T09:52:50","slug":"kontakt-2","status":"publish","type":"page","link":"https:\/\/dih-immo.de\/?page_id=997","title":{"rendered":"Ankauf"},"content":{"rendered":"\n<div style=\"height:27px\" aria-hidden=\"true\" class=\"wp-block-spacer\"><\/div>\n\n\n\n<p class=\"has-text-align-center\">Wir suchen im Kundenauftrag Baugrundst\u00fccke in Ingolstadt und n\u00e4herer Umgebung.<br>F\u00fcr den Verk\u00e4ufer kostenfrei.<\/p>\n\n\n\n<hr class=\"wp-block-separator\"\/>\n\n\n\n<p class=\"has-text-align-center\"><strong>DIRR Immobilien GmbH Tel. 0841\/77365<\/strong><br>&nbsp; &nbsp;<br>Wollen Sie mehr \u00fcber Ingolstadt erfahren klicken Sie einfach hier!&nbsp;<strong>&nbsp;<a href=\"http:\/\/www.ingolstadt.de\/\" target=\"_blank\" rel=\"noreferrer noopener\">Ingolstadt<\/a><\/strong><\/p>\n\n\n\n<div style=\"height:67px\" aria-hidden=\"true\" class=\"wp-block-spacer\"><\/div>\n\n\n\n<p><\/p>\n\n\n\n<p><\/p>\n","protected":false},"excerpt":{"rendered":"<p>Wir suchen im Kundenauftrag Baugrundst\u00fccke in Ingolstadt und n\u00e4herer Umgebung.F\u00fcr den Verk\u00e4ufer kostenfrei. DIRR Immobilien GmbH Tel. 0841\/77365&nbsp; &nbsp;Wollen Sie [&hellip;]<\/p>\n","protected":false},"author":1,"featured_media":0,"parent":0,"menu_order":0,"comment_status":"closed","ping_status":"closed","template":"","meta":{"footnotes":""},"class_list":["post-997","page","type-page","status-publish","hentry"],"_links":{"self":[{"href":"https:\/\/dih-immo.de\/index.php?rest_route=\/wp\/v2\/pages\/997"}],"collection":[{"href":"https:\/\/dih-immo.de\/index.php?rest_route=\/wp\/v2\/pages"}],"about":[{"href":"https:\/\/dih-immo.de\/index.php?rest_route=\/wp\/v2\/types\/page"}],"author":[{"embeddable":true,"href":"https:\/\/dih-immo.de\/index.php?rest_route=\/wp\/v2\/users\/1"}],"replies":[{"embeddable":true,"href":"https:\/\/dih-immo.de\/index.php?rest_route=%2Fwp%2Fv2%2Fcomments&post=997"}],"version-history":[{"count":9,"href":"https:\/\/dih-immo.de\/index.php?rest_route=\/wp\/v2\/pages\/997\/revisions"}],"predecessor-version":[{"id":1284,"href":"https:\/\/dih-immo.de\/index.php?rest_route=\/wp\/v2\/pages\/997\/revisions\/1284"}],"wp:attachment":[{"href":"https:\/\/dih-immo.de\/index.php?rest_route=%2Fwp%2Fv2%2Fmedia&parent=997"}],"curies":[{"name":"wp","href":"https:\/\/api.w.org\/{rel}","templated":true}]}}